**2 + k + 4. What is the units digit of q(z)?
2
Suppose 13 = 3*o + 1. Suppose -o*r = -3*g + 31, -r + 44 = g + 4*g. What is the units digit of g?
9
Let z = 10 - 6. Let j(q) = 3*q - 1. Let l be j(z). Let k = -7 + l. What is the units digit of k?
4
Let u(l) = -3*l + 38. What is the tens digit of u(-13)?
7
Let h = 45 + -72. Let b = -15 - h. What is the units digit of b?
2
Let v be 2/(-6) + (-4)/(-12). Suppose 0 = -4*b + 2*s - 11 + 29, -3*b - s + 21 = v. What is the units digit of b?
6
Let k(m) = m**3 + 5*m**2 + 5*m + 6. Let d be k(-4). Suppose -2*z + 60 = d*z. What is the tens digit of z?
1
Let m(n) be the second derivative of n**4/6 + n**3 + 2*n**2 + 8*n. What is the units digit of m(-4)?
2
What is the hundreds digit of (-17 + 68)/((-2)/(-12))?
3
Let s = -15 + 26. Let t(l) = 1 - 1 + s*l**3 + l**2 - l. What is the units digit of t(1)?
1
Suppose 0 = 7*b - 3*b - 524. Suppose 4*m - 2*f - b = -f, 0 = -5*m - 3*f + 151. What is the units digit of m?
2
Suppose 3*f = -5*s + 118, 2*f - 4 = -2*f. What is the units digit of s?
3
Let j(x) = -x**2 - 14 + 6 + 8*x + 2. What is the units digit of j(6)?
6
Suppose 0 = 3*y + 3*w - 12, -5*w + 0 = 4*y - 17. Suppose 2*u + 57 - 443 = -5*i, 219 = 3*i - y*u. Suppose -i = -11*q + 7*q. What is the tens digit of q?
1
Let s be 10/3*(-24)/(-20). Suppose 24 = v - 5*a, 3*v - 36 = v + s*a. What is the tens digit of v?
1
Let u(l) = -22*l - 27. What is the units digit of u(-3)?
9
Let w = -2 + 6. Let p = 1 - w. Let s = -1 - p. What is the units digit of s?
2
Suppose i + 4*l + 2 + 4 = 0, 0 = 5*i - 4*l - 18. What is the units digit of i?
2
Let o(w) = 3*w**2 + w. Let n(s) = -13*s**2 - 4*s - 1. Let z(a) = 2*n(a) + 9*o(a). What is the units digit of z(-3)?
4
Suppose 9 = 3*t - 4*t - h, -3*t = 4*h + 27. What is the units digit of 81/t*2/(-3)?
6
Let r(i) = i**3 + 3*i**2 - i - 4. Let d be r(-2). Suppose -2*j + 5*l + 50 = -j, d*l = j - 35. What is the units digit of j?
5
What is the tens digit of ((-44)/(-5))/((-16)/(-40))?
2
Let w be (1 + 1)/2 + 1. Suppose -4*x - 3*h = -89, -3*x - w*x - 3*h + 115 = 0. What is the tens digit of x?
2
Let r(a) = 5*a - 1. Let w be r(2). Let t(q) = q**2 - 10*q + 7. Let b be t(w). Let o = b + 10. What is the units digit of o?
8
Let i(p) be the third derivative of p**5/30 - p**4/8 - p**3/2 + 2*p**2. What is the tens digit of i(5)?
3
Suppose -221 + 17 = -w + 3*c, -4*w + 800 = -4*c. What is the tens digit of w?
9
Suppose -65 - 99 = -w. What is the tens digit of w?
6
Let o(k) be the third derivative of k**4/12 - 7*k**3/6 + 2*k**2. What is the units digit of o(8)?
9
Let n(x) = -x**3 + x**2. What is the units digit of n(-3)?
6
Let z(d) = -d**2 - 7*d - 2. Let c be 33/(-5) + (-15)/(-25). What is the units digit of z(c)?
4
Suppose -c - 3 = -1. Suppose -7*d + 90 = -2*d. What is the units digit of c*(d/(-4) - -2)?
5
Suppose -2*h + 5*w = -162, -h = 2*h + 4*w - 289. What is the tens digit of h?
9
Let u = -1 - -1. Let a = 9 - 6. Suppose -8*m + 57 = -3*m + a*s, -2*s + 8 = u. What is the units digit of m?
9
Let a be 27/15*(6 - 1). Let b = 19 - a. What is the units digit of b?
0
Let b = -4 + 4. Let a be b*(-5 + 2)/3. Suppose a*o + 48 = 4*o. What is the units digit of o?
2
What is the units digit of 810/21 - (-9)/21?
9
Let m = 9 + -11. What is the units digit of m/(-1) + 5 + 1?
8
Suppose 4*u - 18 = -2*u. What is the units digit of u?
3
Suppose 9*n - 294 = 3*n. What is the units digit of n?
9
Suppose 15 = -4*g - 21. Let m(y) = y**2 + 10*y + 13. Let z be m(g). Suppose 3*j - 16 = z*t + t, -5*j = -3*t - 16. What is the units digit of j?
2
Suppose 7*i = -49 + 1456. What is the hundreds digit of i?
2
Let a(v) = -v**2 + 12*v + 14. What is the units digit of a(13)?
1
Let g = 351 + -200. What is the tens digit of g?
5
Let x = 296 + -210. What is the units digit of x?
6
Let w(d) = 2*d - d + d - d - 2. Let r be w(-2). Let p(m) = -m**3 - 3*m**2 + 3*m. What is the units digit of p(r)?
4
Suppose 4*f = -y + 20, -4*f + 4 = -y - 0*y. Let w(n) = 4*n**2 + 3*n - 3. Let v(q) = q**2 - q - 1. Let m(p) = -5*v(p) + w(p). What is the units digit of m(y)?
2
Let t(m) = 22*m**2. Let c be t(1). Suppose 13 = 5*r - c. What is the units digit of r - (1 + -1 + 0)?
7
Let k(p) = 21*p. Let j be k(1). Let q(c) = 3*c**2 + j - c - 5*c**2 + c**2. What is the units digit of q(0)?
1
Suppose -2*w - 19 = -2*c + 61, -5*w = -c + 32. Suppose 5*j - 162 = -c. What is the tens digit of j?
2
Let t(p) = 2*p**2 + 4*p - 1. Let w = 2 - 0. Let m be (1/(-2))/(w/12). What is the units digit of t(m)?
5
Let b be 4 + 2 - (-6)/2. What is the units digit of ((-3)/b)/(2/(-54))?
9
Let r(t) = -4*t - 8. What is the units digit of r(-11)?
6
Suppose 2*k = 27 + 35. What is the units digit of k?
1
Suppose -2*m = 2 - 6. Suppose -3*c = 5*h - 56, -5*c - 10 = -0*h - m*h. What is the tens digit of h?
1
Let z be (-1)/(-4) - 57/(-12). Let f be (-1 - z)*(-2)/4. What is the units digit of (f/(-5))/((-3)/45)?
9
Suppose -l + 3*d - 2 = -15, 0 = -3*l + 3*d + 15. What is the units digit of (2 + (-1)/l)/1?
1
Suppose 34 = -0*x + 2*x. Let r(f) = f**2 + 5*f - 3. Let n be r(-3). Let d = x + n. What is the units digit of d?
8
Let w(x) = -x**3 + 8*x**2 - 4*x + 4. What is the tens digit of w(5)?
5
Let v = 13 + -8. Suppose -v*b + 195 = 5*l, 83 = 2*l - 3*b - 0. Suppose -l = -6*s + 2*s. What is the units digit of s?
0
Suppose 0 = -0*b - 4*b + 168. What is the tens digit of b?
4
What is the units digit of 10/35*7*2?
4
Let f be (-70)/(-6) - (-1)/3. Suppose 40 = d + 14. Let c = d - f. What is the tens digit of c?
1
Suppose 62 = 2*b - 4*v, 177 = 5*b + v - 0*v. What is the units digit of b?
5
Let d(q) = 1 + 2 + 4*q - 3*q. Let i be d(-2). Suppose -2*z + 7 = -i. What is the units digit of z?
4
Suppose -4*f = 4*q - 152, -2*f - 8 = 2*f. What is the tens digit of q?
4
Let z = -1 + -2. Suppose j + 4 = 2*j. Let f = z + j. What is the units digit of f?
1
Suppose 6 = -2*g + 3*g. Let r = g + -4. Suppose 0 = w + r*w - 6. What is the units digit of w?
2
Let x(q) = q**3 - 12*q**2 + 4. Let g be x(12). Suppose -12 = -g*p, -2 = h - p - 0. What is the units digit of h?
1
What is the units digit of (-74 + -5)*-1*1?
9
Let b be (-172)/14 - (-6)/21. Let k = b - -23. What is the units digit of k - (4 - (2 - 0))?
9
Let f be (2 - 5) + 5 + -6. Let m(h) = -h**3 - 4*h**2 - 3*h - 6. What is the units digit of m(f)?
6
Suppose -1 = -5*l + 4*s + 6, 4*l - 4*s = 4. Let u(q) = -2*q - 4. Let c be u(-3). Suppose -a + l*d + 17 = c, d + 33 = 5*a. What is the units digit of a?
6
Let g = 53 + -29. What is the units digit of g?
4
Suppose 2*k + 7 = 4*k + 5*y, 3*k + y = 4. Let s = k + 5. What is the units digit of s?
6
Suppose 5 = 5*f, 0 = 3*p - 7*p - 3*f + 15. Let v(c) = -3*c + 1. Let r(x) = -6*x + 2. Let o(k) = -6*r(k) + 11*v(k). What is the units digit of o(p)?
8
Let g(f) = -f**2 + 12*f - 9. Let w = -7 + 21. Let a be g(w). Let b = a - -57. What is the tens digit of b?
2
Let s(o) = -o**3 + 8*o**2 + 2*o + 10. Let i be s(8). Suppose -i = -4*x - 2. What is the units digit of x?
6
Suppose -2*m + 0 = -a + 12, -5*m + 2*a - 29 = 0. Let z = 9 + m. Suppose -4*x + 2 - 7 = -3*o, 0 = -4*x + z. What is the units digit of o?
3
Let b = -17 + 12. Let a(h) = -h + 3. Let g be a(15). What is the units digit of (g/(-10))/((-1)/b)?
6
Let c(d) = d - 1. Let f(w) = -5*w + 4. Let a(q) = -9*c(q) - 2*f(q). Let i be a(-4). Let u = i - -8. What is the units digit of u?
5
Suppose -1181 = -5*u + 44. Suppose -u = -0*b - 5*b. Suppose 4*a = 23 + b. What is the units digit of a?
8
Let x(h) = h**3 + 7*h**2 + 4*h + 1. Let j(m) = m + 5. Let v be j(-3). Suppose -10 = 3*p - v*o, -4*p - 41 = o - 13. What is the tens digit of x(p)?
1
Let z(h) = h. Let k(t) = 4*t - 7. Let d(q) = -k(q) + 5*z(q). Let p be (-1 + 3 + -2)/(-1). What is the units digit of d(p)?
7
Let y = 93 + -51. What is the units digit of y?
2
Let m(q) = -5*q. Let x be m(-1). Suppose x*f = -15, 5*s - 39 + 2 = -f. Let a = -4 + s. What is the units digit of a?
4
Let n(r) = r**2 - 10*r - 10. What is the tens digit of n(-6)?
8
Let w = -76 + 152. What is the units digit of w?
6
Suppose l + s + 51 = -s, 2*l + 67 = 3*s. Let d = 68 + l. What is the units digit of d?
7
What is the tens digit of (9/2)/((-1)/(-18))?
8
Let m(a) be the first derivative of 5*a**4/24 - a**2/2 - 1. Let k(h) be the second derivative of m(h). What is the tens digit of k(3)?
1
Supp